 = 963*b**2 - 52*b + 536. Is t(13) a composite number?
True
Let n(p) = -6*p**3 - p**2 - 3*p - 2. Let g be n(-1). Suppose 2878 = g*y - 1724. Is y prime?
False
Let z(l) = 26*l**3 + 2*l**2 - 7*l + 9. Let f be 5 + (-1 - 3) + 1. Is z(f) a prime number?
True
Suppose 19*a = a + 72. Suppose x = 3*x + 4*o - 3198, 0 = x + a*o - 1601. Is x composite?
False
Let s be (-4)/16 - (-6087)/12. Let o(h) = -s*h + 55*h - 5 - 182*h. Is o(-2) a composite number?
True
Let d = 131 + -86. Let a = -23 - d. Is ((-3)/4 - 1/2)*a a composite number?
True
Suppose -26*a = -36*a + 631070. Is a a composite number?
True
Let g = -1699 - -9684. Is g a prime number?
False
Let u(v) = -1247*v - 1709*v + 19 - 21 - 1269*v + 1246*v. Is u(-7) prime?
False
Let n(u) = -4*u - 11*u - 5*u + 73*u**2 + 3 - u. Let q(p) = -36*p**2 + 10*p - 2. Let c(k) = -3*n(k) - 7*q(k). Is c(4) prime?
False
Let g(p) = 16539*p**2 - 2*p - 2. Let z be g(-1). Let x = z + 8534. Is x composite?
False
Let l be 18/24 - ((-4)/16 - 2). Suppose -3*g - o = 2*o - 30897, -30897 = -l*g + 3*o. Is g prime?
False
Let y(h) = h**2 + 9*h + 9. Let o be y(7). Suppose 2*c - 7*c - 390 = 0. Let m = c + o. Is m a prime number?
True
Is (2/6)/(((-40457210)/(-1838964) - 12) + -10) prime?
False
Let m = 307742 + 608577. Is m a prime number?
True
Suppose -2*l = 4*f - 1005106, -209*l + 206*l + 2*f = -1507659. Is l composite?
False
Let c(b) = 11*b + 379. Let h be c(-21). Suppose -d + 2 = 3. Is (d/2 - -1)/(1/h) a composite number?
True
Let f = 615 + -65. Let g = f - 365. Is g a prime number?
False
Suppose -605 = 4*g - 9*g. Suppose -g*n + 116*n = 13395. Let s = -1488 - n. Is s a composite number?
True
Suppose 3*y + 3*j - 2874 = 0, -5*y + 2*y - j + 2878 = 0. Let r be ((-8)/6)/(y/(-477) + 2). Suppose -7*s + 5*s + r = 0. Is s a composite number?
False
Let l = -61 + 127. Is (2/3 - 110/l)*-2939 prime?
True
Let q(y) = -y**3 - 16*y**2 - y - 19. Let r be q(-16). Let x be (-6)/27 + r + (-650)/(-9). Suppose p = -4*h + 237, h + p + 9 = x. Is h a composite number?
False
Is 1 + 0 + (6037 - 4)*(1 - -1) a composite number?
True
Let v = 8747 - -33734. Is v composite?
True
Let o(q) = -3*q**3 - 21*q**2 + 3*q + 42. Let c(j) = -j**3 + j**2 - j + 1. Let f(v) = -5*c(v) + o(v). Is f(18) a composite number?
True
Let q = 328 - 346. Is (-8)/q + (-1767701)/(-117) composite?
True
Let m be ((-105)/33 - -4) + (-4)/(-22). Let l be -5*(-15)/25 + m. Suppose 0 = y, -l*q + 0*y + 5*y + 196 = 0. Is q prime?
False
Suppose -4*k + 8*k + 3*u = -2, 3 = -5*k - 4*u. Is (-3 + -2050)/(-2 + k) composite?
False
Let q(h) = -176566*h + 10403. Is q(-3) a prime number?
True
Let y be 0*(8/16)/((-2)/(-2)). Suppose -3*c - 5*h + 11 = y, 2*c + 4*h - 8 = 2. Is c/(4 - 1) - -294 a composite number?
False
Suppose -261*c + 267*c - 15144 = 0. Let n = c - -147. Is n a prime number?
True
Suppose -111 + 21 = -3*h. Suppose -2*n - h = 3*n. Is n/8 + 1 + (-507)/(-4) a composite number?
False
Let b be -2 + (6 - 9/3). Is 22257/63 - (b + 10/(-14)) prime?
True
Let a = -142458 - -316169. Is a a prime number?
False
Let d(v) = -v**2 + 12*v - 30. Let m be d(6). Let n be 0 + 0 + (-4)/(-1). Suppose -4*a + 4*o = -1352, -a + m*a - n*o = 1687. Is a a composite number?
True
Let u = 112 + -107. Suppose -2*v = 3*g - 1936, -5*v = u*g - g - 4847. Is v a prime number?
True
Let d(v) = 18 + 6*v**2 - v**3 + 0*v**3 + 264*v - 256*v. Is d(7) prime?
False
Is (1544623/(-3))/((1 - 0)*(-2)/6) a composite number?
False
Let i be 2 + (-40)/5 + 52. Suppose -30*u = -i*u + 14368. Is u a prime number?
False
Suppose 37*f = 36*f + 3*c + 880603, 0 = 4*f + c - 3522425. Is f prime?
False
Suppose 3*m = 2*y + 5992939, -17*y + 18 = 1. Is m prime?
True
Suppose -242*b = -341*b + 59144481. Is b a prime number?
True
Suppose 3*k + 2*s = 889991, -5705*s = 5*k - 5706*s - 1483327. Is k a prime number?
False
Suppose 4*j + 3*o = 5*o + 6618, -2*j + 3319 = o. Is j prime?
True
Suppose 10*s - 120 = 2*s. Suppose 2*y = -3*y - 15, -2*q = -3*y - s. Suppose 353 - 986 = -q*o. Is o composite?
False
Let o = -1195 + 13046. Is o composite?
True
Let n(d) = 14*d + 47. Let z be n(-3). Suppose -3*s = -4*g + 54437, 0*g = g - z*s - 13588. Is g a prime number?
True
Let h = 2682 - 1636. Suppose i = -0*l - 5*l + h, l - 4241 = -4*i. Is i composite?
False
Suppose -1393 = 39*j + 20*j + 318. Let m(c) = 3*c**3 - 39*c**2 + 12*c - 17. Let a(x) = -x**3 + x**2 - x - 1. Let l(z) = -4*a(z) - m(z). Is l(j) a prime number?
False
Suppose 12*h + 70 = 26*h. Let y be (-48 - (2 + 0)) + h + -4. Is 12899/7 - (259/y + 5) prime?
False
Let m = 154598 + -91181. Is m composite?
True
Let m be (-20)/3*7/(21/990). Let a = 3119 + m. Is a composite?
False
Let n = 388366 - 113339. Is n a composite number?
False
Suppose -7*v = -6 - 8. Let q(r) = 220*r - 9. Let z be q(v). Suppose -h + z = -110. Is h composite?
False
Suppose 2*f = -62 + 68. Suppose 4*m = -4*o + 2580 + 504, 5*m = -f*o + 3851. Is m composite?
False
Let w be (-134 - -5)/((-2)/6). Suppose 125*x = 122*x + w. Is x composite?
True
Suppose q - 19 = -64. Let x be (q/12)/(3/(-20)). Is -82*(x/(-10) + 1) a prime number?
False
Let h = 932 - 927. Suppose 3*z + z + h*s = 23082, 0 = z + 4*s - 5765. Is z a composite number?
True
Suppose 2*z = 6*c - 2*c - 226, 0 = -4*z - 20. Let i be (-27)/c - (0 + (-9)/2). Suppose 5*p + 4*r - 10267 = r, -i = -r. Is p a composite number?
True
Suppose -95 = -17*p - 61. Let r = 5 + -2. Is r + 990/8 - p/(-8) prime?
True
Let u(f) = -27*f**3 + 37 + 5*f - 44 - 3*f**2 - f**2. Is u(-4) a prime number?
True
Let r(b) = -b + 14. Let g be r(12). Let s be ((-8)/40)/(g/(-10)). Is 5067/9*(0 + s) a prime number?
True
Let t(c) = -942*c + 365. Is t(-25) prime?
False
Suppose -32 = 8*c - 16*c. Is (-31800 + 0)/(-12) - (c - 1) prime?
True
Let m = 2367 + 47744. Is m prime?
True
Suppose 3*b - 123144 = -k, -2*b + 5*k = -64190 - 17889. Is b prime?
True
Let i = -32251 + 155133. Is i prime?
False
Suppose -122*k + 113*k + 648 = 0. Suppose -74*h = -k*h - 26146. Is h composite?
True
Let y be (-4)/3 + 60/(-18)*-1. Suppose n = y*n + 72. Let t = n - -137. Is t composite?
True
Suppose 0 = -35*y + 2001725 - 498370. Is y prime?
True
Suppose -1780 = -9*l + 4*l. Suppose 0*q - 2*q = -2*m + l, 4*m = 16. Let x = 259 + q. Is x a composite number?
True
Let s = -122 - -126. Suppose 0 = -s*p - v + 8913, 5*v = 2*p - 6517 + 2066. Let y = p - 1273. Is y a composite number?
True
Let g be 7 + -8 + 8 - (-6)/(-2). Suppose 2*l = 2*z - 3908, 18*z - 20*z = -g*l - 3918. Is z a prime number?
True
Suppose 3*n - 6383 - 3883 = 0. Suppose 2*w - 2*g - n - 2020 = 0, -g = 2. Is w a composite number?
False
Suppose -43 = -12*l + 11*l. Suppose l*u - 38*u - 4925 = 0. Suppose -u = -m - 84. Is m a prime number?
False
Suppose -4*q + 30 = 2*m, 77 = 5*m - 3*q - 37. Is (-6)/m*-7*(-8121)/(-2) a prime number?
False
Let b be 137 + 4/34 + (-132)/(-34). Let i be (2/3)/((-1)/(-3)). Suppose j + i*j = b. Is j a composite number?
False
Is (-9)/(-27)*(-3 - 38337/(-1)) a composite number?
True
Let s(r) = r + 5. Suppose 0 = 20*t + 33 + 87. Let y be s(t). Is 315 - (y - 15/5) prime?
False
Let i = -886 + 1805. Is i composite?
False
Suppose -2*h = 3*x - 4, h + 63 - 70 = x. Let d(j) = 2*j**2 - 1. Let t be d(-1). Is (t/h)/((-7)/(-2765)) a composite number?
False
Let k be (5 - 105/(-6))/((-1)/38). Is (k/(-10) - -5)*26 a prime number?
False
Let d be 6/(3*(-4)/(-9064)). Suppose 3*g - d = -w + 2*w, -w = 5*g - 7556. Let b = g + -984. Is b composite?
True
Suppose 1603 = 8*n - 6277. Suppose 4*u + 231 + 185 = -2*v, u - n = 5*v. Let z = v + 3959. Is z a prime number?
True
Let b(r) = 4*r**2 - 18*r + 3. Let z(u) = -14 - 11*u**2 + 3*u - 10 + 3 + u**3 + 1. Let p be z(11). Is b(p) a prime number?
False
Let l(s) = 13*s - 9. Let j be l(13). Let r = 234 + j. Suppose -5*o + r = -721. Is o a prime number?
True
Let b be (1 + -3)/8*-44. Let t(i) = -2*i + 25. Let k be t(b). Suppose -5*z + 1748 = -o - 1040, 0 = -o - k. Is z prime?
True
Suppose 0 = c - 5, 5*r + c - 21055 = 2*c. Suppose 0 = 4*a - 4*t - r, t + t = -a + 1041. Is a composite?
False
Let m be ((-406)/42)/((-2)/(-36)). Let s = m + 6155. Is s a prime number?
True
Let n be (2/(-4) - -1) + 54/(-12). Let p = 8 + n. Let q(o) = 56*o - 13. Is q(p) prime?
True
Suppose 0 = 5*m - 3*t - 10862, -3*t = -m + 55 + 2115. Suppose a + 0*a + q - 2158 = 0, 0 = -a - 4*q + m. Is a composite?
False
Let t = -650 - -6